
5, 13
List the prime factors of -3*(-2 + 1) - 30107/(-23).
2, 41
Let f be (-3)/6*(-344)/4. What are the prime factors of f/6 + 5/(-30)?
7
Let v be -59*(-1 - (0 + 3)). Suppose 2*o + 80 - v = 0. List the prime factors of o.
2, 3, 13
Suppose 5*c - 397 = -w, 0*w + 5*c = 3*w - 1271. Suppose 2*r + 2*i = 278, -3*r + 4*i = -0*r - w. List the prime factors of r.
139
Let i(w) = 119*w**3 + 2*w**2 - w. Let q be i(1). Suppose -q = -2*c - 3*c. Suppose -b = -x + b + c, b - 51 = -3*x. What are the prime factors of x?
2, 3
Let f(j) = j**2 + 15*j + 1. Suppose 5*x - 10*x = 85. What are the prime factors of f(x)?
5, 7
Let c(q) = -7*q**2 - 2*q + 1. Let y be c(1). Let h(j) be the second derivative of -2*j**3/3 - 19*j**2/2 - 35*j. List the prime factors of h(y).
13
Let l = 57 - -10. Suppose 1735 = -5*s - 5*v, 3*s - v + 994 = -l. What are the prime factors of (-2)/7 + s/(-7)?
2, 5
Let a(h) = -3*h + 14. Let x be a(7). Let l be 1 + 47 - (-7 - x). Let r = -2 + l. List the prime factors of r.
2, 23
Suppose -5*z + 3*f + 283 = -306, 4*z = -3*f + 482. Let i(n) = -20*n. Let k be i(4). Let u = z + k. List the prime factors of u.
3, 13
Let s(x) = -3*x + 44. Let w be s(16). What are the prime factors of (w/((-4)/3))/(3/110)?
2, 5, 11
Suppose 0 = 3*l - 4707 - 195. What are the prime factors of l?
2, 19, 43
Let t(x) = x**2 + 2*x - 4*x - x. Suppose 0 = -3*w - 80 + 101. List the prime factors of t(w).
2, 7
Suppose -20 = 8*i - 84. Suppose -4*j = -4*w + i - 220, 158 = 3*j - 4*w. List the prime factors of j.
2, 3
Suppose 5*u = -4*t - 49, 2*t + 7*u + 37 = 2*u. Let d be 69/4*(-16)/t. Suppose 2*w + 8*j - 4*j - d = 0, 4*j = w + 7. What are the prime factors of w?
13
Suppose 0 = -0*z - z + 5. Let r be (-26)/(-65) - (-18)/z. Suppose 4*u - 2*c = 62, -r*u - c + 66 = c. What are the prime factors of u?
2
Let i be -4 - (-1 - (-942)/(-2)). Let d = i + -278. Suppose 4*v = f - 3*f + 94, -5*f - v = -d. List the prime factors of f.
37
Suppose -15 - 3 = -3*q. Suppose -3*f + 6*f = 2*w + 7, -q = 3*w. What are the prime factors of (21 - (0 - -2)) + f?
2, 5
Suppose 3*n - m + 675 = -4*m, 3*n + 672 = -2*m. Let s = n + 385. What are the prime factors of s?
163
Let q(l) be the second derivative of l**4/12 + l**3 - 3*l**2 - l. Suppose 0 = p + 4*w + 28, 2*w + 3 - 9 = 2*p. List the prime factors of q(p).
2, 5
List the prime factors of 9/2*(-22184)/(-141).
2, 3, 59
Let h = -499 - -719. What are the prime factors of h?
2, 5, 11
Let y(z) = -z**2 - 3*z - 1203. Suppose 0*g = 3*g. Let k be y(g). List the prime factors of k/(-39) - (-8)/52.
31
Let s(n) = 3*n**3 - 5*n**2 - 5*n - 5. Let p be s(5). Suppose -p = -2*l - 3*l. Suppose -o + l = 18. List the prime factors of o.
2, 13
Suppose 0 = -10*d + 3*d + 14. What are the prime factors of (d/(-3) - 0) + 3430/42?
3
Let j = -4527 + 6992. List the prime factors of j.
5, 17, 29
Let k(x) = -x + 22. Let f be k(29). What are the prime factors of 4/f + 1898/14?
3, 5
Let z = 9000 + -6149. What are the prime factors of z?
2851
Let b(x) = -43*x**3 - x**2 - 18*x + x**3 + 18*x. What are the prime factors of b(-1)?
41
Suppose 3*h - 5*y = 118, -5*h + 176 = 5*y - 3*y. Let p = h + 29. List the prime factors of p.
5, 13
Suppose -5*x + 10 = -15. Suppose 2*t + 4*k + 22 = 0, x*k + 19 = -4*t + 2*k. What are the prime factors of (-9)/6*-4 + t?
5
Suppose -3*f = 2*y - 2474, -7*f + 4118 = -2*f - 2*y. What are the prime factors of f?
2, 103
Suppose -13 = -4*d + 19. Let l(f) = f**2 - f + 2. Let y(b) = 6*b**2 - 11*b + 9. Let n(p) = -4*l(p) + y(p). List the prime factors of n(d).
73
Let q(t) = 31*t**2 - 12*t + 17. What are the prime factors of q(-5)?
2, 3, 71
Suppose -2*j + z = -0*j - 2551, 0 = 2*j + 5*z - 2545. Suppose -5*v + 7*i + j = 9*i, -1020 = -4*v - 3*i. What are the prime factors of v?
3, 5, 17
Let h be 3/3 + -14 - (4 + 0). List the prime factors of 12/(-2)*((-340)/(-24))/h.
5
Suppose -k - 3*p - 5 = 0, -5*p - 45 = k - 10*p. Suppose -u - 5*r - 9 = 0, 0 = 2*u - 0*u - r + 18. List the prime factors of u/(-12) + (-765)/k.
3, 13
Let w(k) = 6*k**2 - 5*k + 4. Let l be w(1). Suppose 5*b = -g + 531, l*b - 134 - 399 = -3*g. List the prime factors of b.
2, 53
Suppose -6 = 2*s - 0. Let h be 0 + s*(-4)/3. Suppose 9*i - h*i + r - 19 = 0, 2*r - 2 = -i. List the prime factors of i.
2
Suppose -1591*z + 3276 = -1585*z. List the prime factors of z.
2, 3, 7, 13
Let k be 20/(-2)*(-32)/20. Let o = 4 + k. What are the prime factors of o?
2, 5
Suppose 4*a = a + 12. Suppose -g - 15 = -5*m - 2*g, -a*g + 20 = 0. Suppose 8 = i + 4*c, 5*i + 2*c - m - 38 = 0. List the prime factors of i.
2
Let c(p) = p**2 + 13*p + 16. Let h be c(-16). List the prime factors of ((-282)/(-4))/(-4*(-12)/h).
2, 47
Let j = -60 + 288. What are the prime factors of j?
2, 3, 19
Let r be 2/6 - (-25)/15. Suppose -3*y = 5*l - 188, 2*l + r*y - 100 = 7*y. List the prime factors of l.
2, 5
Let n = -850 + 1886. What are the prime factors of n?
2, 7, 37
What are the prime factors of (2*(-1 - 0))/((-1)/1308)?
2, 3, 109
Let b(v) be the first derivative of v**3/3 - v**2/2 + 2*v - 6. Let h be b(-2). Let f = -3 + h. List the prime factors of f.
5
Let r be 18*518*5/30. Suppose -r = -13*z + 6*z. What are the prime factors of z?
2, 3, 37
Suppose 0 = -u + 2*k + 604, 5*k = -4*u + 932 + 1458. What are the prime factors of u?
2, 3, 5
Let t be (0 + -12)*3/2. Let j be (t/3)/(1*-2). Suppose j*b + 1 - 13 = 0. What are the prime factors of b?
2
Let x(g) be the first derivative of -1/2*g**2 + 4 + 6*g. What are the prime factors of x(-6)?
2, 3
Suppose 3*f = 4*s + 3496 + 960, -4*f + 5954 = s. List the prime factors of f.
2, 3, 31
Let a = -1176 - -2058. List the prime factors of a.
2, 3, 7
Suppose 3*t + 360*s - 357*s - 12813 = 0, 2*s + 2 = 0. What are the prime factors of t?
2, 3, 89
List the prime factors of -3*(-1)/(-3) + 3612.
23, 157
Let n(r) = -3*r**3 - 3*r**2 + 5*r + 6. Let j = 25 - 28. Let b be n(j). Let g = b - 32. List the prime factors of g.
13
Let n(f) = f + 3. Let w be n(-7). Let u be (w/(-6))/((-8)/60). What are the prime factors of 1/5 - 14/u?
3
Suppose 5*w + w = 60. Suppose -a = -130 + w. Suppose q - 6*q = -a. What are the prime factors of q?
2, 3
Let l(w) = -6 - 10 + 44*w + 3. List the prime factors of l(3).
7, 17
Let g = 258 - 158. Suppose -4*c = j - 124 - g, c - 56 = 4*j. Suppose 4*t - 2*r = 2*t + c, 0 = t - 3*r - 24. What are the prime factors of t?
2, 3, 5
Let f(p) = 14*p**2 - 60*p - 19. What are the prime factors of f(8)?
397
Suppose -7*i - 28 = -0*i. Let g(v) = v**2 - 2*v - 6. List the prime factors of g(i).
2, 3
Let h be (-14)/(-4) - (-1)/2. Let z(t) = t + 5*t**3 - h*t**3 - 2*t**3 - 5*t**2. List the prime factors of z(-6).
2, 3, 5
Let v(d) = d**3 - 9*d**2 + d - 4. Let p be v(9). Suppose -n - 64 = -p*n. What are the prime factors of n?
2
Suppose -298 - 110 = 3*s. Let x be (s/(-85))/((-2)/(-75)). Suppose 4*l = 2*l + x. List the prime factors of l.
2, 3, 5
Let b(x) = -x**3 + 5*x**2 - x + 3. Let j be b(5). Let c = -11 + -459. List the prime factors of c/(-15) - j/(-6).
31
Let q(g) be the second derivative of g**4/12 - 5*g**3/6 - 11*g**2/2 - 10*g. Let k be q(7). Suppose 98 = k*a + 5. List the prime factors of a.
31
Let z = -88 + 39. Let d(o) = -21*o**2 - 2*o + 1. Let t be d(2). Let q = z - t. What are the prime factors of q?
2, 19
Let v = 54 + -29. Let j = v - 23. List the prime factors of j.
2
Let m(h) = -3*h - 22. Let y(t) = t**3 - 3*t**2 - 9*t + 2. Let o be y(4). What are the prime factors of m(o)?
2
Let a(b) = 3*b + 6. Let r be a(3). Suppose -3*n = 57 + r. List the prime factors of n/(-108) - (-88)/9.
2, 5
Suppose 12 = 3*d, 2*m - 393 = -3*d + 265. Suppose 0 = -5*h + 2*j + 1075, -5*j + m + 537 = 4*h. Suppose -5*b = -h + 30. What are the prime factors of b?
37
Let p(a) = -a**3 - 5*a**2 + 6*a - 2. Let g be p(-6). Let l = g - 0. What are the prime factors of (2 - 5) + 32 + l?
3
Let s(m) = m**2 + 0 + 3*m - 3*m - 1 + m + 58*m**3. Let t(b) = -b**2 - 8*b + 21. Let q be t(-10). What are the prime factors of s(q)?
59
Let h be 1/3 - 5*128/120. Let n = h + 269. What are the prime factors of n?
2, 3, 11
Let t(d) = 4*d**2 - 17*d - 71. What are the prime factors of t(18)?
919
Suppose 0 = x + 1, -u - x = -5*x + 4. Let y be ((-1)/(-2))/((-1)/u). Suppose 0 = y*j - 0*j - 104. What are the prime factors of j?
2, 13
Suppose 4 = -3*j + 28. Let w = j + -6. List the prime 